y. Suppose y = -p - p + 8. Let x(t) = 2*t**2 + 11*t + 7. Let a be x(-7). Calculate the highest common divisor of p and a.
4
Suppose 13*v = 7*v + 2064. Calculate the highest common factor of 258 and v.
86
Suppose 2*h + 2*h - 20 = 0. Suppose -g + h*k = 9 - 34, 5*g - 4*k = 41. Suppose -58 = -g*p + 7. Calculate the greatest common factor of 104 and p.
13
Let d = 465 + -401. Calculate the greatest common factor of 144 and d.
16
Suppose 0 = -4*n - 3*h + 28 + 14, 4*n = h + 34. Let p = -1558 + 1657. What is the highest common factor of n and p?
9
Suppose 156 = 3*j - m, m + 183 + 24 = 4*j. Calculate the highest common divisor of j and 1632.
51
Let n(y) = -35*y + 5. Let v be n(-3). Let b = 3 + 7. Calculate the highest common factor of v and b.
10
Let n(v) = 8*v + 2. Let h be n(-3). Let q = 24 + h. What is the greatest common divisor of 22 and q?
2
Let p = 20 + -17. Suppose -2*z = p*z - 60. What is the highest common factor of z and 6?
6
Let m(s) = s + 21. Let b be m(-14). Suppose 2*z = b - 5. What is the greatest common factor of z and 7?
1
Let y = 8 + -14. Let s(t) = -t + 14. Let b be s(y). What is the greatest common divisor of b and 220?
20
Let o = -10 + 12. Let b be (39/13)/(o/2). Let u = 5 + b. Calculate the greatest common divisor of u and 8.
8
Let d(k) = -k**3 - 29*k**2 - 33*k + 12. Let o be d(-28). Let p be (323/(-68))/(2/(-8)). Calculate the greatest common divisor of o and p.
19
Let w(i) = 3*i**2 - 16*i + 55. Let v be w(4). What is the highest common divisor of 1131 and v?
39
Let b(a) = a**2 + 3*a - 9. Let z be b(6). Let i be 224 + (-33)/(-88) + (180/32 - 5). What is the greatest common divisor of i and z?
45
Suppose -7 = -x + 3*a, -5*a + 1 = 2*x + 9. Let b = 6 - x. Suppose -5*g + 2*y - b*y + 70 = 0, 5*g = 2*y + 70. What is the greatest common divisor of g and 70?
14
Let i = -47 + 21. Let p = i + 29. Let u be 7/p + (-6)/(-9). Calculate the highest common divisor of 33 and u.
3
Suppose 2*d - 3*d + t = -1, 5*t = 3*d + 1. Let s be 3*2*((-32)/(-3))/8. Suppose -72 = -11*h + s*h. What is the greatest common divisor of h and d?
3
Let k = -61 + 67. Suppose -k*u = -8*u + 286. What is the highest common divisor of u and 13?
13
Let o(d) = -d**2 - 6*d + 6. Let c be o(-6). Suppose -8*w + 7*w = -2*p + 30, p = w + 17. Let m = p - c. Calculate the greatest common factor of m and 28.
7
Let p(o) = o**3 - 43*o**2 + 28*o - 71. Let r be p(43). What is the greatest common factor of r and 11?
11
Let n(t) = -15 - 18 + 28 - 25*t. Let o be n(-4). Let b be (17 - 0) + 2/1. Calculate the greatest common divisor of o and b.
19
Let m = -155 + 281. Suppose 4*u = -f + 157, -3*u + 4*f + m = 2*f. Calculate the highest common factor of u and 16.
8
Suppose 8*f - 6*f - 32 = 0. Let o be 33/(-6)*1*-2. Suppose 2*b - o = 21. Calculate the greatest common factor of f and b.
16
Let w = -64 + 23. Let k = w - -47. Let n(d) = 4*d - 2. Let f be n(5). What is the greatest common divisor of f and k?
6
Suppose -44 = -27*f + 91. What is the highest common divisor of 85 and f?
5
Let l = -14 - -18. Suppose l*t - 13 = 51. Let j(u) = 159*u**3 + u**2 - 3*u + 3. Let b be j(1). What is the greatest common factor of b and t?
16
Let d(a) = 80*a - 28. Let l be d(1). Calculate the highest common divisor of l and 78.
26
Let t = 95 - 70. What is the greatest common divisor of 175 and t?
25
Suppose 240 = 4*s + 5*z - 63, z + 213 = 3*s. Calculate the greatest common factor of s and 168.
24
Let i = -1142 - -1170. Calculate the greatest common divisor of i and 252.
28
Let u(p) = 51*p**2 - 5*p - 33. Let t be u(3). What is the highest common factor of t and 1?
1
Suppose -p + 4*h = -10 + 2, p + 5*h + 1 = 0. Suppose 4*t + 2*r - 9 = 3, -3*r = -p*t + 32. Calculate the highest common divisor of 15 and t.
5
Let j be (-5)/(-15) - (-511)/(-3). Let i = -80 - j. What is the highest common factor of i and 10?
10
Let s be (77/(-33))/(2/(-6)). Calculate the highest common divisor of s and 259.
7
Let v be 1/3 - 17/(-3). Let f(o) = o + 5. Suppose -3*b = 3*q + 18, q = 4*b + 4*q + 20. Let n be f(b). Calculate the highest common divisor of n and v.
3
Suppose -b + q = -78, -4*q - 74 - 319 = -5*b. Let z = 22 + 14. Suppose 3*j - z = 3*m, 4*j + 2*m + 2*m = 24. Calculate the greatest common factor of j and b.
9
Let n be (-10)/(-1 - -4*3/(-12)). Let x(a) = 51*a - 21. Let b be x(n). What is the greatest common factor of 26 and b?
26
Suppose -x + 18 = -5*i - 2, 2*i + 31 = 5*x. Suppose -x*w + 26 + 24 = 0. What is the greatest common factor of 80 and w?
10
Suppose 4*q = -4*h + 79 - 3, -5*q - 1 = -h. Suppose -3*p = 5*f - 200, -2*f = -2*p - 3*p - 80. Calculate the greatest common divisor of h and f.
8
Suppose -5*i - 330 + 410 = 0. Calculate the greatest common divisor of 64 and i.
16
Let z(y) = 4*y + 24. Let q be z(15). Suppose q = -3*b + 5*b. What is the highest common divisor of 28 and b?
14
Let o be (-1)/((-4)/142) - 9/(-18). Suppose 12*x = -o + 228. Calculate the greatest common divisor of 16 and x.
16
Suppose 5*p - 14 = g, p - 5*g - 12 - 10 = 0. Suppose 2*x - 5 = -u - 0*x, p*u - 10 = -5*x. Calculate the highest common factor of 55 and u.
5
Suppose -194*f + 14892 = -48*f. Let y = 11 - 5. Calculate the greatest common divisor of y and f.
6
Let a be 64/(-2)*(-1)/2. Let g = 456 + -416. What is the highest common divisor of a and g?
8
Let t(h) = h**2 + 4*h - 3. Let a be t(4). Suppose 0 = 6*r + 11 - a. What is the greatest common factor of 39 and r?
3
Suppose -27 = 14*c - 15*c. Suppose 595 + 603 = 4*b - 2*x, -619 = -2*b + 5*x. Calculate the highest common divisor of b and c.
27
Let n = 269 - 181. Let o be ((54 + -6)/6)/1. Calculate the greatest common divisor of o and n.
8
Suppose 5*j - 21 = 2*r, -2*r = 2*r - 5*j + 47. Let n = -4 - r. Suppose 2*m = 160 + 38. What is the greatest common factor of m and n?
9
Let o = 34 + -25. Let x(d) = -17*d**2 + 6*d - 4. Let b be x(4). Let p be (3/6)/((-2)/b). Calculate the highest common factor of p and o.
9
Let j = 5687 + -3975. Calculate the greatest common factor of 107 and j.
107
Let m(u) = 2*u**2 + 27*u + 49. Let v be m(-12). What is the highest common divisor of 104 and v?
13
Suppose 0 = 3*v + 26 - 11. Let d be v/((15/50)/(-3)). Calculate the greatest common divisor of d and 20.
10
Let z(t) = -3*t + 2. Let j be z(-4). Suppose -j*x - 39 = -17*x. Let q = -32 - -45. What is the highest common divisor of q and x?
13
Suppose -5*c = 20, -5 = -4*t + 3*c + 11. Let a(h) = -h**2 + 21. Let f be a(5). Let r be 3/15 - f/5*1. Calculate the highest common divisor of t and r.
1
Let t be (-20)/(-10) - (-4596)/6. Calculate the greatest common divisor of 6 and t.
6
Suppose 160 = 45*p - 470. What is the greatest common divisor of p and 50?
2
Let g = 3 - -8. Suppose 0 = -g*i + 6*i + 495. Let m = 11 - 0. What is the highest common factor of i and m?
11
Let r(m) = 49*m**2 - m - 1. Let p be r(2). Suppose p = 3*i + 28. What is the greatest common factor of 5 and i?
5
Let n be (-970 - 5)*1/(-3). What is the highest common factor of 13 and n?
13
Let v(m) = m + 7 - 2*m - 8 + 0. Let r be v(-6). Calculate the greatest common divisor of 40 and r.
5
Suppose 0 = -3*l + 9. Suppose q + 2*a - 7*a = 18, -2*a - l = q. Calculate the highest common factor of 39 and q.
3
Let m(l) = -3*l**2 + 7 - l**3 + 51*l - 5*l**2 - 41*l. Let h be m(-9). Let a be (-1)/(-1*h/(-20)). Calculate the greatest common factor of a and 5.
5
Suppose -4*s - 1 = 3, 2*l - 3*s = -1. Let o be (l + (7 - 6))/((-2)/40). Calculate the highest common divisor of 80 and o.
20
Suppose 0 = -2*u - 15 + 49. Suppose -2*k - 2*l + 191 = l, k + l - 94 = 0. Suppose 0 = -87*s + k*s - 68. Calculate the greatest common factor of u and s.
17
Let u = -77 - -100. Calculate the highest common factor of 368 and u.
23
Suppose -2*y = -7 - 3. Suppose -s = -46 - y. Let t = 27 + s. What is the highest common factor of 13 and t?
13
Suppose 0 = -15*p + 13*p + 210. Let s = 107 + -72. Calculate the greatest common factor of p and s.
35
Let n be (-2 - 2 - -2)*(1 + -2). Suppose 4*b = -3*r + 2, r - 8 = -4*b - n. Calculate the highest common divisor of b and 24.
2
Suppose 4*c + 7*f = 4*f + 52, -3*c - 4*f = -46. What is the greatest common divisor of 200 and c?
10
Suppose -15*b - 200 = -1100. Calculate the highest common factor of b and 48.
12
Suppose 785 + 76 = -7*l. Let i = 173 + l. What is the highest c